t is the greatest common divisor of 913780 and 610?
610
What is the greatest common divisor of 1855 and 49343?
371
Calculate the greatest common divisor of 2911 and 40631.
41
What is the greatest common divisor of 1085 and 56203?
217
What is the highest common factor of 9720 and 1701?
243
What is the greatest common divisor of 8 and 1041936?
8
What is the highest common factor of 5760 and 94848?
384
What is the greatest common factor of 1422 and 35787?
237
What is the highest common divisor of 5856 and 1032?
24
What is the greatest common divisor of 490352 and 1216?
304
Calculate the highest common divisor of 4385549 and 147.
49
What is the highest common divisor of 139 and 33499?
139
What is the greatest common factor of 8174439 and 13?
13
What is the highest common factor of 76116 and 12?
12
What is the highest common divisor of 158102 and 9660?
322
What is the highest common factor of 112349 and 1?
1
Calculate the highest common divisor of 30410 and 45.
5
Calculate the highest common factor of 378 and 60966.
54
Calculate the greatest common factor of 1873700 and 7175.
1025
What is the highest common factor of 9296 and 1792?
112
What is the greatest common divisor of 1067094 and 1512?
378
Calculate the greatest common divisor of 73189 and 13.
1
What is the greatest common divisor of 34 and 398?
2
What is the greatest common factor of 63 and 454335?
21
What is the greatest common divisor of 141482 and 101244?
1298
What is the highest common divisor of 726 and 825?
33
Calculate the greatest common factor of 138088 and 41.
41
What is the greatest common factor of 21812 and 228?
76
Calculate the highest common factor of 453121 and 871.
67
Calculate the highest common factor of 2438 and 84801.
23
What is the highest common factor of 12 and 31904?
4
What is the highest common divisor of 549 and 13683?
3
Calculate the highest common factor of 156 and 9932.
52
What is the highest common factor of 7232 and 832?
64
What is the highest common factor of 7181 and 10363?
43
Calculate the highest common divisor of 342 and 7758.
18
What is the highest common factor of 1334 and 44689?
667
Calculate the highest common factor of 78870 and 75.
15
What is the greatest common factor of 45 and 41859?
9
What is the highest common factor of 1930 and 5018?
386
Calculate the highest common factor of 149278 and 202.
202
Calculate the greatest common divisor of 413 and 4529.
7
What is the highest common factor of 4895520 and 21?
21
What is the highest common divisor of 646974 and 30?
6
Calculate the highest common divisor of 222305 and 6920.
865
What is the highest common divisor of 158 and 38473?
79
What is the highest common divisor of 44 and 166826?
22
Calculate the greatest common factor of 227136 and 4872.
168
Calculate the highest common factor of 165949 and 471.
157
What is the highest common divisor of 264 and 20448?
24
Calculate the greatest common factor of 18288 and 261.
9
What is the highest common factor of 6739 and 1127?
23
What is the highest common divisor of 168 and 33180?
84
Calculate the highest common divisor of 128 and 33200.
16
Calculate the highest common divisor of 2682 and 58706.
298
Calculate the highest common factor of 47702 and 8372.
46
What is the greatest common factor of 22334 and 26?
26
What is the greatest common divisor of 7260 and 19602?
726
Calculate the greatest common factor of 8058 and 1817.
79
What is the greatest common factor of 595053 and 81?
27
Calculate the greatest common divisor of 658650 and 3750.
150
What is the greatest common divisor of 240 and 41295?
15
What is the greatest common divisor of 1390 and 181534?
278
Calculate the greatest common divisor of 244 and 653.
1
Calculate the greatest common divisor of 15 and 1225305.
15
Calculate the greatest common divisor of 40021 and 7936.
31
Calculate the highest common factor of 1060176 and 13.
13
Calculate the highest common divisor of 2340 and 68.
4
What is the greatest common divisor of 6208 and 11058?
194
What is the greatest common divisor of 1544 and 1493627?
193
Calculate the greatest common factor of 55 and 2417855.
55
Calculate the highest common divisor of 9 and 16007769.
9
Calculate the highest common divisor of 36 and 39696.
12
What is the greatest common divisor of 778981 and 798?
133
Calculate the highest common factor of 42 and 6588.
6
Calculate the greatest common factor of 1707 and 231014.
569
What is the greatest common divisor of 9562 and 7210?
14
What is the greatest common divisor of 324 and 90801?
81
Calculate the highest common divisor of 4879 and 25543.
287
What is the highest common divisor of 11252 and 2668?
116
What is the highest common divisor of 43004 and 208?
52
Calculate the greatest common factor of 624 and 15756.
156
What is the greatest common factor of 1152 and 401328?
144
What is the highest common divisor of 1125927 and 374?
187
Calculate the highest common divisor of 66869 and 198.
11
What is the highest common divisor of 77200 and 70?
10
Calculate the highest common factor of 180 and 2382.
6
What is the highest common factor of 25165 and 12635?
35
Calculate the greatest common divisor of 1564 and 998852.
68
Calculate the highest common divisor of 111132 and 28.
28
Calculate the highest common divisor of 164521 and 5719.
133
Calculate the greatest common factor of 204 and 699300.
12
Calculate the greatest common factor of 612036 and 351.
27
Calculate the greatest common divisor of 488 and 328.
8
What is the highest common factor of 5742 and 4553?
29
Calculate the highest common factor of 3012 and 84.
12
What is the greatest common factor of 2171664 and 5346?
594
What is the greatest common divisor of 90 and 204210?
90
What is the highest common factor of 225291 and 33?
33
What is the greatest common divisor of 1111 and 7575?
101
Calculate the highest common divisor of 321600 and 300.
300
What is the greatest common divisor of 8643 and 18834?
129
Calculate the greatest common factor of 17240 and 640.
40
Calculate the greatest common divisor of 40176 and 213776.
496
What is the highest common divisor of 261038 and 282?
94
What is the highest common factor of 8797 and 22687?
463
Calculate the greatest common divisor of 594 and 292626.
54
What is the greatest common factor of 3854 and 109?
1
Calculate the highest common divisor of 71222 and 298.
298
What is the greatest common divisor of 75 and 185025?
75
What is the highest common divisor of 13855 and 425?
85
Calculate the highest common factor of 35892 and 324.
36
What is the greatest common factor of 40152 and 56?
56
What is the greatest common factor of 1219393 and 221?
17
Calculate the highest common divisor of 3174 and 366.
6
What is the greatest common factor of 100123 and 52607?
1697
What is the highest common factor of 339552 and 9?
9
Calculate the greatest common factor of 200 and 2085700.
100
Calculate the greatest common divisor of 662 and 2965760.
662
Calculate the greatest common factor of 224 and 91.
7
Calculate the highest common factor of 75 and 9450825.
75
What is the highest common divisor of 25787 and 186052?
241
What is the greatest common factor of 8 and 6140?
4
What is the greatest common divisor of 4 and 7606?
2
What is the greatest common factor of 16394 and 63?
7
What is the highest common factor of 28431 and 40599?
117
Calculate the greatest common factor of 80697 and 111.
111
What is the greatest common divisor of 9720 and 62820?
180
Calculate the greatest common factor of 6882 and 2368.
74
Calculate the highest common factor of 3270 and 3060.
30
Calculate the highest common factor of 2928 and 656.
16
Calculate the greatest common divisor of 10179 and 216.
27
What is the highest common factor of 484743 and 14?
7
What is the highest common factor of 2293796 and 872?
436
What is the highest common factor of 853 and 4?
1
What is the greatest common divisor of 1563479 and 251?
251
What is the greatest common factor of 86024 and 16?
8
Calculate the highest common factor of 91 and 117621.
7
Calculate the highest common divisor of 2336 and 25112.
584
Calculate the highest common divisor of 127457 and 33.
11
What is the highest common factor of 5499 and 2496?
39
What is the greatest common factor of 462 and 264462?
66
What is the highest common divisor of 144 and 1